{"id":1908,"date":"2011-12-22T03:13:10","date_gmt":"2011-12-22T01:13:10","guid":{"rendered":"http:\/\/www.velehrad.org.uk\/wp-content\/uploads\/2009\/04\/OTEC-LANG-dostal-od-pana-presidenta-Havla-\u0159\u00e1d-Jana-Masaryka.jpg"},"modified":"2011-12-22T03:13:10","modified_gmt":"2011-12-22T01:13:10","slug":"otec-lang-dostal-od-pana-presidenta-havla-rad-jana-masaryka","status":"inherit","type":"attachment","link":"http:\/\/www.velehrad.org.uk\/?attachment_id=1908","title":{"rendered":"OTEC LANG dostal od pana presidenta Havla \u0159\u00e1d Jana Masaryka"},"author":1,"featured_media":0,"comment_status":"open","ping_status":"open","template":"","meta":{"ngg_post_thumbnail":0},"class_list":["post-1908","attachment","type-attachment","status-inherit","hentry"],"description":{"rendered":"<p class=\"attachment\"><a href='http:\/\/www.velehrad.org.uk\/wp-content\/uploads\/2009\/04\/OTEC-LANG-dostal-od-pana-presidenta-Havla-\u0159\u00e1d-Jana-Masaryka.jpg'><img loading=\"lazy\" decoding=\"async\" width=\"300\" height=\"225\" src=\"http:\/\/www.velehrad.org.uk\/wp-content\/uploads\/2009\/04\/OTEC-LANG-dostal-od-pana-presidenta-Havla-\u0159\u00e1d-Jana-Masaryka-300x225.jpg\" class=\"attachment-medium size-medium\" alt=\"\" srcset=\"http:\/\/www.velehrad.org.uk\/wp-content\/uploads\/2009\/04\/OTEC-LANG-dostal-od-pana-presidenta-Havla-\u0159\u00e1d-Jana-Masaryka-300x225.jpg 300w, http:\/\/www.velehrad.org.uk\/wp-content\/uploads\/2009\/04\/OTEC-LANG-dostal-od-pana-presidenta-Havla-\u0159\u00e1d-Jana-Masaryka.jpg 800w\" sizes=\"auto, (max-width: 300px) 100vw, 300px\" \/><\/a><\/p>\n"},"caption":{"rendered":""},"alt_text":"","media_type":"image","mime_type":"image\/jpeg","media_details":{"width":"800","height":"600","hwstring_small":"height='96' width='128'","file":"2009\/04\/OTEC-LANG-dostal-od-pana-presidenta-Havla-\u0159\u00e1d-Jana-Masaryka.jpg","sizes":{"thumbnail":{"file":"OTEC-LANG-dostal-od-pana-presidenta-Havla-\u0159\u00e1d-Jana-Masaryka-150x150.jpg","width":"150","height":"150","source_url":"http:\/\/www.velehrad.org.uk\/wp-content\/uploads\/2009\/04\/OTEC-LANG-dostal-od-pana-presidenta-Havla-\u0159\u00e1d-Jana-Masaryka-150x150.jpg"},"medium":{"file":"OTEC-LANG-dostal-od-pana-presidenta-Havla-\u0159\u00e1d-Jana-Masaryka-300x225.jpg","width":"300","height":"225","source_url":"http:\/\/www.velehrad.org.uk\/wp-content\/uploads\/2009\/04\/OTEC-LANG-dostal-od-pana-presidenta-Havla-\u0159\u00e1d-Jana-Masaryka-300x225.jpg"},"full":{"file":"OTEC-LANG-dostal-od-pana-presidenta-Havla-\u0159\u00e1d-Jana-Masaryka.jpg","width":800,"height":600,"mime_type":"image\/jpeg","source_url":"http:\/\/www.velehrad.org.uk\/wp-content\/uploads\/2009\/04\/OTEC-LANG-dostal-od-pana-presidenta-Havla-\u0159\u00e1d-Jana-Masaryka.jpg"}},"image_meta":{"aperture":"0","credit":"","camera":"","caption":"","created_timestamp":"0","copyright":"","focal_length":"0","iso":"0","shutter_speed":"0","title":""}},"post":19,"source_url":"http:\/\/www.velehrad.org.uk\/wp-content\/uploads\/2009\/04\/OTEC-LANG-dostal-od-pana-presidenta-Havla-\u0159\u00e1d-Jana-Masaryka.jpg","_links":{"self":[{"href":"http:\/\/www.velehrad.org.uk\/index.php?rest_route=\/wp\/v2\/media\/1908","targetHints":{"allow":["GET"]}}],"collection":[{"href":"http:\/\/www.velehrad.org.uk\/index.php?rest_route=\/wp\/v2\/media"}],"about":[{"href":"http:\/\/www.velehrad.org.uk\/index.php?rest_route=\/wp\/v2\/types\/attachment"}],"author":[{"embeddable":true,"href":"http:\/\/www.velehrad.org.uk\/index.php?rest_route=\/wp\/v2\/users\/1"}],"replies":[{"embeddable":true,"href":"http:\/\/www.velehrad.org.uk\/index.php?rest_route=%2Fwp%2Fv2%2Fcomments&post=1908"}]}}

http://www.velehrad.org.uk/wp-content/uploads/2009/04/OTEC-LANG-dostal-od-pana-presidenta-Havla-řád-Jana-Masaryka.jpg

OTEC LANG dostal od pana presidenta Havla řád Jana Masaryka

<p class="attachment"><a href='http://www.velehrad.org.uk/wp-content/uploads/2009/04/OTEC-LANG-dostal-od-pana-presidenta-Havla-řád-Jana-Masaryka.jpg'><img loading="lazy" decoding="async" width="300" height="225" src="http://www.velehrad.org.uk/wp-content/uploads/2009/04/OTEC-LANG-dostal-od-pana-presidenta-Havla-řád-Jana-Masaryka-300x225.jpg" class="attachment-medium size-medium" alt="" srcset="http://www.velehrad.org.uk/wp-content/uploads/2009/04/OTEC-LANG-dostal-od-pana-presidenta-Havla-řád-Jana-Masaryka-300x225.jpg 300w, http://www.velehrad.org.uk/wp-content/uploads/2009/04/OTEC-LANG-dostal-od-pana-presidenta-Havla-řád-Jana-Masaryka.jpg 800w" sizes="auto, (max-width: 300px) 100vw, 300px" /></a></p>

2009/04/OTEC-LANG-dostal-od-pana-presidenta-Havla-řád-Jana-Masaryka.jpg

OTEC-LANG-dostal-od-pana-presidenta-Havla-řád-Jana-Masaryka-150x150.jpg

http://www.velehrad.org.uk/wp-content/uploads/2009/04/OTEC-LANG-dostal-od-pana-presidenta-Havla-řád-Jana-Masaryka-150x150.jpg

OTEC-LANG-dostal-od-pana-presidenta-Havla-řád-Jana-Masaryka-300x225.jpg

http://www.velehrad.org.uk/wp-content/uploads/2009/04/OTEC-LANG-dostal-od-pana-presidenta-Havla-řád-Jana-Masaryka-300x225.jpg

OTEC-LANG-dostal-od-pana-presidenta-Havla-řád-Jana-Masaryka.jpg
