{"id":2824,"date":"2013-01-21T18:09:00","date_gmt":"2013-01-21T16:09:00","guid":{"rendered":"http:\/\/www.velehrad.org.uk\/wp-content\/uploads\/2013\/01\/PALACH-2013-DR-HRAD\u00cdLEK-OTEC-ENGELMANN-ANTONIN-STANE.jpg"},"modified":"2013-01-21T18:09:00","modified_gmt":"2013-01-21T16:09:00","slug":"palach-2013-dr-hradilek-otec-engelmann-antonin-stane","status":"inherit","type":"attachment","link":"http:\/\/www.velehrad.org.uk\/?attachment_id=2824","title":{"rendered":"PALACH 2013 DR HRAD\u00cdLEK, OTEC ENGELMANN, ANTONIN STANE"},"author":1,"featured_media":0,"comment_status":"open","ping_status":"open","template":"","meta":{"ngg_post_thumbnail":0},"class_list":["post-2824","attachment","type-attachment","status-inherit","hentry"],"description":{"rendered":"<p class=\"attachment\"><a href='http:\/\/www.velehrad.org.uk\/wp-content\/uploads\/2013\/01\/PALACH-2013-DR-HRAD\u00cdLEK-OTEC-ENGELMANN-ANTONIN-STANE.jpg'><img loading=\"lazy\" decoding=\"async\" width=\"300\" height=\"225\" src=\"http:\/\/www.velehrad.org.uk\/wp-content\/uploads\/2013\/01\/PALACH-2013-DR-HRAD\u00cdLEK-OTEC-ENGELMANN-ANTONIN-STANE-300x225.jpg\" class=\"attachment-medium size-medium\" alt=\"\" srcset=\"http:\/\/www.velehrad.org.uk\/wp-content\/uploads\/2013\/01\/PALACH-2013-DR-HRAD\u00cdLEK-OTEC-ENGELMANN-ANTONIN-STANE-300x225.jpg 300w, http:\/\/www.velehrad.org.uk\/wp-content\/uploads\/2013\/01\/PALACH-2013-DR-HRAD\u00cdLEK-OTEC-ENGELMANN-ANTONIN-STANE-1024x768.jpg 1024w, http:\/\/www.velehrad.org.uk\/wp-content\/uploads\/2013\/01\/PALACH-2013-DR-HRAD\u00cdLEK-OTEC-ENGELMANN-ANTONIN-STANE.jpg 1280w\" sizes=\"auto, (max-width: 300px) 100vw, 300px\" \/><\/a><\/p>\n"},"caption":{"rendered":"<p>PALACH 2013 DR HRAD\u00cdLEK &#8211; z\u00e1stupce velvyslance \u010cR, OTEC ENGELMANN &#8211; na n\u00e1v\u0161t\u011bv\u011b z \u0158\u00edma, ANTONIN STANE &#8211; Trustee Velehradu<\/p>\n"},"alt_text":"","media_type":"image","mime_type":"image\/jpeg","media_details":{"width":1280,"height":960,"file":"2013\/01\/PALACH-2013-DR-HRAD\u00cdLEK-OTEC-ENGELMANN-ANTONIN-STANE.jpg","sizes":{"thumbnail":{"file":"PALACH-2013-DR-HRAD\u00cdLEK-OTEC-ENGELMANN-ANTONIN-STANE-150x150.jpg","width":150,"height":150,"mime_type":"image\/jpeg","source_url":"http:\/\/www.velehrad.org.uk\/wp-content\/uploads\/2013\/01\/PALACH-2013-DR-HRAD\u00cdLEK-OTEC-ENGELMANN-ANTONIN-STANE-150x150.jpg"},"medium":{"file":"PALACH-2013-DR-HRAD\u00cdLEK-OTEC-ENGELMANN-ANTONIN-STANE-300x225.jpg","width":300,"height":225,"mime_type":"image\/jpeg","source_url":"http:\/\/www.velehrad.org.uk\/wp-content\/uploads\/2013\/01\/PALACH-2013-DR-HRAD\u00cdLEK-OTEC-ENGELMANN-ANTONIN-STANE-300x225.jpg"},"large":{"file":"PALACH-2013-DR-HRAD\u00cdLEK-OTEC-ENGELMANN-ANTONIN-STANE-1024x768.jpg","width":1024,"height":768,"mime_type":"image\/jpeg","source_url":"http:\/\/www.velehrad.org.uk\/wp-content\/uploads\/2013\/01\/PALACH-2013-DR-HRAD\u00cdLEK-OTEC-ENGELMANN-ANTONIN-STANE-1024x768.jpg"},"full":{"file":"PALACH-2013-DR-HRAD\u00cdLEK-OTEC-ENGELMANN-ANTONIN-STANE.jpg","width":1280,"height":960,"mime_type":"image\/jpeg","source_url":"http:\/\/www.velehrad.org.uk\/wp-content\/uploads\/2013\/01\/PALACH-2013-DR-HRAD\u00cdLEK-OTEC-ENGELMANN-ANTONIN-STANE.jpg"}},"image_meta":{"aperture":2,"credit":"","camera":"DSC-F828","caption":"","created_timestamp":1358704407,"copyright":"","focal_length":"7.1","iso":"64","shutter_speed":"0.033333333333333","title":""}},"post":null,"source_url":"http:\/\/www.velehrad.org.uk\/wp-content\/uploads\/2013\/01\/PALACH-2013-DR-HRAD\u00cdLEK-OTEC-ENGELMANN-ANTONIN-STANE.jpg","_links":{"self":[{"href":"http:\/\/www.velehrad.org.uk\/index.php?rest_route=\/wp\/v2\/media\/2824","targetHints":{"allow":["GET"]}}],"collection":[{"href":"http:\/\/www.velehrad.org.uk\/index.php?rest_route=\/wp\/v2\/media"}],"about":[{"href":"http:\/\/www.velehrad.org.uk\/index.php?rest_route=\/wp\/v2\/types\/attachment"}],"author":[{"embeddable":true,"href":"http:\/\/www.velehrad.org.uk\/index.php?rest_route=\/wp\/v2\/users\/1"}],"replies":[{"embeddable":true,"href":"http:\/\/www.velehrad.org.uk\/index.php?rest_route=%2Fwp%2Fv2%2Fcomments&post=2824"}]}}

http://www.velehrad.org.uk/wp-content/uploads/2013/01/PALACH-2013-DR-HRADÍLEK-OTEC-ENGELMANN-ANTONIN-STANE.jpg

PALACH 2013 DR HRADÍLEK, OTEC ENGELMANN, ANTONIN STANE

<p class="attachment"><a href='http://www.velehrad.org.uk/wp-content/uploads/2013/01/PALACH-2013-DR-HRADÍLEK-OTEC-ENGELMANN-ANTONIN-STANE.jpg'><img loading="lazy" decoding="async" width="300" height="225" src="http://www.velehrad.org.uk/wp-content/uploads/2013/01/PALACH-2013-DR-HRADÍLEK-OTEC-ENGELMANN-ANTONIN-STANE-300x225.jpg" class="attachment-medium size-medium" alt="" srcset="http://www.velehrad.org.uk/wp-content/uploads/2013/01/PALACH-2013-DR-HRADÍLEK-OTEC-ENGELMANN-ANTONIN-STANE-300x225.jpg 300w, http://www.velehrad.org.uk/wp-content/uploads/2013/01/PALACH-2013-DR-HRADÍLEK-OTEC-ENGELMANN-ANTONIN-STANE-1024x768.jpg 1024w, http://www.velehrad.org.uk/wp-content/uploads/2013/01/PALACH-2013-DR-HRADÍLEK-OTEC-ENGELMANN-ANTONIN-STANE.jpg 1280w" sizes="auto, (max-width: 300px) 100vw, 300px" /></a></p>

<p>PALACH 2013 DR HRADÍLEK &#8211; zástupce velvyslance ČR, OTEC ENGELMANN &#8211; na návštěvě z Říma, ANTONIN STANE &#8211; Trustee Velehradu</p>

2013/01/PALACH-2013-DR-HRADÍLEK-OTEC-ENGELMANN-ANTONIN-STANE.jpg

PALACH-2013-DR-HRADÍLEK-OTEC-ENGELMANN-ANTONIN-STANE-150x150.jpg

http://www.velehrad.org.uk/wp-content/uploads/2013/01/PALACH-2013-DR-HRADÍLEK-OTEC-ENGELMANN-ANTONIN-STANE-150x150.jpg

PALACH-2013-DR-HRADÍLEK-OTEC-ENGELMANN-ANTONIN-STANE-300x225.jpg

http://www.velehrad.org.uk/wp-content/uploads/2013/01/PALACH-2013-DR-HRADÍLEK-OTEC-ENGELMANN-ANTONIN-STANE-300x225.jpg

PALACH-2013-DR-HRADÍLEK-OTEC-ENGELMANN-ANTONIN-STANE-1024x768.jpg

http://www.velehrad.org.uk/wp-content/uploads/2013/01/PALACH-2013-DR-HRADÍLEK-OTEC-ENGELMANN-ANTONIN-STANE-1024x768.jpg

PALACH-2013-DR-HRADÍLEK-OTEC-ENGELMANN-ANTONIN-STANE.jpg
