{"id":3108,"date":"2013-04-13T17:51:14","date_gmt":"2013-04-13T15:51:14","guid":{"rendered":"http:\/\/www.velehrad.org.uk\/wp-content\/uploads\/2009\/04\/Prohl\u00e1\u0161en\u00ed-Jaroslava-Duky-k-situaci-v-\u00daSTR.pdf"},"modified":"2013-04-13T17:51:14","modified_gmt":"2013-04-13T15:51:14","slug":"prohlaseni-jaroslava-duky-k-situaci-v-ustr","status":"inherit","type":"attachment","link":"http:\/\/www.velehrad.org.uk\/?attachment_id=3108","title":{"rendered":"Prohl\u00e1\u0161en\u00ed Jaroslava Duky k situaci v \u00daSTR"},"author":1,"featured_media":0,"comment_status":"open","ping_status":"open","template":"","meta":{"ngg_post_thumbnail":0},"class_list":["post-3108","attachment","type-attachment","status-inherit","hentry"],"description":{"rendered":"<p class=\"attachment\"><a href='http:\/\/www.velehrad.org.uk\/wp-content\/uploads\/2009\/04\/Prohl\u00e1\u0161en\u00ed-Jaroslava-Duky-k-situaci-v-\u00daSTR.pdf'>Prohl\u00e1\u0161en\u00ed Jaroslava Duky k situaci v \u00daSTR<\/a><\/p>\n"},"caption":{"rendered":"<p>Prohl\u00e1\u0161en\u00ed Jaroslava Duky k situaci v \u00daSTR<\/p>\n"},"alt_text":"","media_type":"file","mime_type":"application\/pdf","media_details":{},"post":9,"source_url":"http:\/\/www.velehrad.org.uk\/wp-content\/uploads\/2009\/04\/Prohl\u00e1\u0161en\u00ed-Jaroslava-Duky-k-situaci-v-\u00daSTR.pdf","_links":{"self":[{"href":"http:\/\/www.velehrad.org.uk\/index.php?rest_route=\/wp\/v2\/media\/3108","targetHints":{"allow":["GET"]}}],"collection":[{"href":"http:\/\/www.velehrad.org.uk\/index.php?rest_route=\/wp\/v2\/media"}],"about":[{"href":"http:\/\/www.velehrad.org.uk\/index.php?rest_route=\/wp\/v2\/types\/attachment"}],"author":[{"embeddable":true,"href":"http:\/\/www.velehrad.org.uk\/index.php?rest_route=\/wp\/v2\/users\/1"}],"replies":[{"embeddable":true,"href":"http:\/\/www.velehrad.org.uk\/index.php?rest_route=%2Fwp%2Fv2%2Fcomments&post=3108"}]}}

http://www.velehrad.org.uk/wp-content/uploads/2009/04/Prohlášení-Jaroslava-Duky-k-situaci-v-ÚSTR.pdf

Prohlášení Jaroslava Duky k situaci v ÚSTR

<p class="attachment"><a href='http://www.velehrad.org.uk/wp-content/uploads/2009/04/Prohlášení-Jaroslava-Duky-k-situaci-v-ÚSTR.pdf'>Prohlášení Jaroslava Duky k situaci v ÚSTR</a></p>

<p>Prohlášení Jaroslava Duky k situaci v ÚSTR</p>
